culate the highest common factor of 18759 and 6834048.
1443
Calculate the greatest common divisor of 363261678 and 14404.
7202
What is the greatest common divisor of 76481581 and 143?
11
Calculate the highest common divisor of 1437062 and 6226.
22
What is the greatest common divisor of 13940764 and 1740?
116
What is the greatest common divisor of 23553 and 22257?
9
What is the highest common divisor of 135044 and 378196?
364
What is the highest common divisor of 6741944 and 968?
88
What is the greatest common factor of 1591 and 90856291?
43
What is the greatest common factor of 2935953 and 81?
27
Calculate the highest common factor of 30600 and 2318475.
75
What is the highest common divisor of 23888 and 168?
8
Calculate the highest common divisor of 64770 and 76318491.
6477
What is the greatest common divisor of 1925 and 12526700?
25
Calculate the highest common divisor of 14713 and 2005.
1
What is the greatest common factor of 90746556 and 509?
509
What is the highest common divisor of 2 and 711699600?
2
Calculate the greatest common divisor of 4850097 and 69.
3
Calculate the greatest common factor of 21624 and 67944.
24
Calculate the highest common factor of 2600 and 101309.
13
Calculate the highest common divisor of 95992 and 17914.
338
Calculate the greatest common factor of 64 and 49649056.
32
Calculate the highest common divisor of 315028 and 16016.
28
Calculate the highest common factor of 47888 and 2066776.
584
Calculate the highest common factor of 306319272 and 154.
14
What is the highest common factor of 897277 and 697?
17
Calculate the greatest common divisor of 37552 and 89296.
16
What is the greatest common factor of 4453 and 19109104?
61
What is the highest common factor of 22579 and 1786437?
337
What is the highest common factor of 640 and 2572736?
64
What is the highest common divisor of 84612 and 344316?
12
What is the highest common divisor of 120 and 7928976?
24
What is the greatest common divisor of 25145 and 46715?
5
Calculate the greatest common factor of 8615 and 162894143.
1723
Calculate the greatest common divisor of 8 and 333343192.
8
What is the highest common divisor of 42828 and 745506?
498
What is the greatest common factor of 22906401 and 28896?
903
What is the highest common factor of 215184 and 35712?
48
What is the highest common factor of 81292 and 9004?
4
Calculate the highest common divisor of 770466986 and 114.
38
Calculate the highest common factor of 7104 and 2244.
12
What is the highest common factor of 30 and 33611090?
10
Calculate the greatest common factor of 447202590 and 610.
610
What is the greatest common divisor of 289456613 and 1201?
1201
What is the greatest common factor of 1674 and 2588562?
558
What is the highest common factor of 12300829 and 4377?
1459
Calculate the greatest common factor of 5429136 and 93936.
912
What is the greatest common factor of 168797642 and 57662?
5242
Calculate the greatest common factor of 387522 and 1458.
18
What is the greatest common factor of 6830 and 191563742?
1366
What is the greatest common factor of 2030 and 34958050?
290
What is the highest common divisor of 2457726 and 1976?
38
Calculate the greatest common divisor of 9940 and 157056970.
4970
What is the highest common factor of 20117545 and 4165?
595
Calculate the greatest common factor of 541707790 and 5464.
1366
What is the highest common divisor of 2720678 and 1189?
41
Calculate the greatest common factor of 5117 and 18419695.
301
Calculate the greatest common factor of 12616 and 695208.
664
What is the greatest common divisor of 5550 and 174030?
30
Calculate the highest common divisor of 764425 and 575.
25
What is the greatest common divisor of 14380320 and 4?
4
Calculate the greatest common factor of 8102092 and 21006.
778
What is the greatest common factor of 336012900 and 40?
20
What is the highest common divisor of 11407417 and 8225?
329
Calculate the greatest common divisor of 1187594544 and 19.
19
What is the highest common divisor of 536 and 296343680?
536
Calculate the greatest common factor of 1476 and 863964.
36
What is the highest common divisor of 3173 and 2170199?
19
What is the highest common factor of 1170512 and 259?
7
What is the highest common factor of 28145958 and 30?
6
Calculate the highest common factor of 7 and 149612743.
7
What is the highest common factor of 1409952 and 45600?
1824
What is the greatest common divisor of 160 and 979710560?
160
Calculate the highest common factor of 234 and 29874.
78
What is the greatest common divisor of 21866 and 10231?
13
What is the greatest common divisor of 1965 and 106362175?
655
What is the highest common divisor of 6455920 and 64?
16
Calculate the greatest common factor of 41609 and 5668.
1
What is the highest common divisor of 17497259 and 3324?
277
Calculate the greatest common factor of 2491 and 4712549.
47
What is the greatest common factor of 498228736 and 48?
16
Calculate the highest common divisor of 10748 and 45852.
4
Calculate the greatest common divisor of 4936 and 2730842.
1234
What is the highest common divisor of 94695 and 2250210?
1605
Calculate the highest common divisor of 566212 and 118696.
1604
Calculate the greatest common divisor of 136467747 and 3078.
1539
Calculate the greatest common divisor of 483967 and 33143.
11
What is the greatest common divisor of 2195032 and 50008?
1064
Calculate the greatest common factor of 6223 and 4902835.
889
Calculate the greatest common factor of 69322 and 23965678.
506
Calculate the greatest common divisor of 181339242 and 168.
42
Calculate the greatest common divisor of 5821094 and 10854.
134
Calculate the greatest common divisor of 162 and 615114.
162
Calculate the highest common factor of 48675 and 113025.
825
What is the greatest common factor of 406 and 43818362?
406
What is the highest common factor of 24991 and 2881?
67
Calculate the greatest common factor of 49119 and 44163.
21
Calculate the greatest common factor of 50733702 and 11745.
2349
What is the greatest common factor of 5030 and 6978622?
1006
Calculate the greatest common divisor of 294070 and 56371.
7
What is the greatest common factor of 153 and 19586499?
51
What is the greatest common factor of 566235 and 60?
15
What is the highest common factor of 61534 and 20?
2
What is the highest common divisor of 4580420 and 474?
158
Calculate the highest common factor of 1330670 and 242.
22
Calculate the highest common divisor of 15515 and 14367905.
145
What is the greatest common divisor of 519 and 213084?
3
What is the highest common factor of 105976 and 3679?
13
What is the highest common factor of 15375 and 10264965?
615
What is the highest common factor of 4859 and 545252685?
4859
What is the greatest common divisor of 990536 and 1256?
8
What is the highest common factor of 4 and 27746254?
2
What is the highest common factor of 6024770 and 10?
10
What is the greatest common divisor of 50 and 15703500?
50
What is the greatest common factor of 35321 and 147345?
209
Calculate the greatest common divisor of 28294262 and 6.
2
What is the greatest common divisor of 1060 and 6856610?
530
What is the greatest common factor of 4620383 and 1422057?
5209
Calculate the greatest common divisor of 512 and 320104.
8
What is the highest common factor of 23805 and 1360?
5
Calculate the highest common factor of 70 and 8851955.
35
Calculate the highest common divisor of 2889842 and 2773.
47
Calculate the highest common factor of 20492149 and 3266.
23
What is the highest common factor of 509485 and 326895?
2945
What is the greatest common factor of 247191 and 209271?
237
What is the highest common factor of 375296 and 98222?
1466
What is the highest common divisor of 7616 and 23936?
1088
Calculate the highest common divisor of 1069 and 77492879.
1069
Calculate the highest common factor of 97 and 682783.
97
What is the highest common factor of 41076 and 210080268?
5868
What is the greatest common factor of 328792 and 1700608?
584
Calculate the highest common divisor of 529 and 58742.
23
What is the greatest common divisor of 71653 and 11872630?
907
Calculate the highest common divisor of 8341 and 3403755.
19
Calculate the highest common divisor of 195 and 1513629.
39
Calculate the highest common factor of 112642 and 59985178.
662